8*x + 16856. Suppose x = -60*y + 64*y. List the prime factors of y.
7, 43
Let b be 108/(-14) - 36/126. Let a be 2/((b/(-4))/14). Suppose a - 400 = -4*f - 2*u, f = 5*u + 80. List the prime factors of f.
5, 19
Let w(t) = -3*t + 8*t - 21*t**3 - 2*t**2 + 20 - 5*t**2 + 19*t**3. List the prime factors of w(-7).
2, 41
Let a = -6374 + 5989. Suppose -4*u + 31 = 1095. Let o = u - a. What are the prime factors of o?
7, 17
Let u be (9 - 2)*(-1 + 0). Let o(c) = -c**3 - c**2 + 19*c + 7. List the prime factors of o(u).
2, 3, 7
List the prime factors of 319926/46 + 66/759.
5, 13, 107
Suppose 0 = -57*q + 59*q - m - 25821, 3*m = -7*q + 90393. What are the prime factors of q?
2, 3, 269
Suppose -167 = b - 6887 - 1292. What are the prime factors of b?
2, 2003
What are the prime factors of (-695*(-11)/165)/((-3)/(-1206))?
2, 67, 139
List the prime factors of 15/9*212064/160.
47
Suppose -h + 27 = 5*t, -2*h + 3*t + 11 = -4. Let i(d) = -d - 1. Let r be i(-6). Suppose -3*c + 6 = 3*x, -x = -r*c + h + 16. What are the prime factors of c?
5
Suppose 2*c - 10 = -2. Suppose -i = -s - 103, 5*s - c*i - 1 = -517. Let t = s + 176. What are the prime factors of t?
2, 3
Suppose -4*b = 4*w - 44172, -3*b - 11*w = -6*w - 33121. What are the prime factors of b?
11047
Suppose 3*p + j - 50209 - 10524 = 0, 2*p - 4*j - 40512 = 0. List the prime factors of p.
2, 53, 191
Suppose -27*j + 21*j + 13062 = 0. Suppose -391 = 19*h - j. What are the prime factors of h?
2, 47
Suppose 1146*l = 1181*l - 474075. What are the prime factors of l?
3, 5, 7, 43
Let j be (-9762)/(-48) + 6/(-16). Let b = -19 + j. Suppose -3*p = -p + n - 208, -5*n = -2*p + b. List the prime factors of p.
2, 3, 17
Let a(f) = 12074*f**3 + 4*f**2 - 2*f - 1. Let s be a(2). Suppose 51*q = -24285 + s. What are the prime factors of q?
2, 709
Let v(x) = -x**3 - 16*x**2 - 26*x + 79. Let i be v(-15). Let h = i + 288. List the prime factors of h.
2, 7, 19
Suppose c - 6211 = 5*r, -20*c + 3741 = -3*r - 23*c. Let g = -86 - r. What are the prime factors of g?
13, 89
Suppose 18*o - 54134 = 51527 + 24389. What are the prime factors of o?
5, 17
Let y(a) = 29 - 41 - 5*a + 424*a**2 + 17. What are the prime factors of y(1)?
2, 53
Suppose c + 2*m - 9 - 4 = 0, m = 4*c - 7. Let q(b) = 22*b + 6. Let z be q(c). Suppose -2*t - t = -z. List the prime factors of t.
2, 3
Let s(v) = v**3 - 17*v**2 - 72*v + 10. List the prime factors of s(24).
2, 13, 89
Let b = 61374 - 30161. What are the prime factors of b?
7, 13
Suppose 0 = -2*j + 10*j. Let n be 6*6/4 - (4 + j). Suppose 2*r = -n*d + 52, -2*d + 69 = 5*r - 40. What are the prime factors of r?
3, 7
Suppose -2*b = 4*b - 648. Let x = -62 + b. Let t = x + -28. List the prime factors of t.
2, 3
Suppose -12 = 3*t - 26*k + 29*k, 0 = 4*t + 5*k + 20. Suppose 32*w + 12955 - 44539 = t. What are the prime factors of w?
3, 7, 47
Suppose -2*j = b - 0*b - 4, b + 3*j = 5. Suppose -n - 3*q + 2426 = 3*n, b*n - q = 1218. List the prime factors of n.
2, 19
Let h be -17 + 3/(8 + -9). Let s(d) = 4*d**2 + 31*d - 10. Let i(f) = f**2 - f - 1. Let b(a) = -2*i(a) + s(a). List the prime factors of b(h).
2, 3, 11
Suppose 17*j + 9 = 20*j, -4*o + 13 = 3*j. Let s(q) = 189*q**3 - 3*q**2 + 2*q. List the prime factors of s(o).
2, 47
Suppose -v = -5*v + h + 10, -h = 5*v - 17. Suppose 93 + 217 = 2*b + v*s, 314 = 2*b + s. List the prime factors of b.
2, 79
Let q = -15495 - -22632. What are the prime factors of q?
3, 13, 61
Let p(s) = -3*s - 8. Let o be p(-3). Suppose 5*g - o = 9. Let m(h) = 87*h + 14. List the prime factors of m(g).
2, 47
List the prime factors of (-4)/(-26) - (1653576/39)/(-8)*2.
2, 5, 53
Suppose 19494 = u + 2*c, 20307 = 3*u + 4*c - 38167. What are the prime factors of u?
2, 9743
Let d be 3 + (1 + 3)*1. Let j = 97 - 85. Suppose t - 5 = -3*c + d*c, -t - 3*c + j = 0. List the prime factors of t.
3
Let k(y) = y**3 + 9*y**2 + 4*y - 3. Let w be k(-8). Let p = -29 + w. Suppose -v - 12 + 92 = p. What are the prime factors of v?
2, 5
Let j(g) = -g**3 - 116*g**2 + 649*g - 318. List the prime factors of j(-123).
2, 3, 53
Let l(r) = -2*r - 16. Let v be l(6). Let h = v + 26. What are the prime factors of -20*h/6*3?
2, 5
Let q = 22341 - 11399. What are the prime factors of q?
2, 5471
Suppose -4*m = -d - 5, m + 3*d = 2*d. Let z(r) = 2*r**2. Let f be z(m). Suppose 3*k = -j + 88, 2*j - 15 = -f*k + 169. What are the prime factors of j?
2, 47
Suppose 11*h - 14*h - 4*u = -59964, 4*h + 2*u - 79972 = 0. What are the prime factors of h?
2, 4999
Let z = -91 - -730. Let u = 19 + z. What are the prime factors of u?
2, 7, 47
Let h = -15871 + 22708. List the prime factors of h.
3, 43, 53
Let b = 22158 + 5392. List the prime factors of b.
2, 5, 19, 29
Let p = 29 + -24. List the prime factors of (18/p - 3)*(-1 + 556).
3, 37
Suppose -9*v + 11*v - 16 = -5*s, 0 = 2*v - 3*s. Suppose -v*i - 3*k + 1281 = 0, -k = -3*i + 7*i - 1711. What are the prime factors of i?
2, 107
Let x be -4 + (29 + 1)*(-346)/(-5). Suppose -646*d + x = -642*d. List the prime factors of d.
2, 7, 37
Let u = -66 - -29. Let g = u + 88. Let s = -40 + g. What are the prime factors of s?
11
Let h(o) = -o**3 + 63*o**2 + 57*o - 1010. What are the prime factors of h(61)?
3, 367
Let d be (((-6)/(-3))/(-8))/(1/(-20)). Let h be ((-140)/6 + 1)/(d/15). Let g = h - -73. List the prime factors of g.
2, 3
Let s(q) = 396*q + 2525. What are the prime factors of s(35)?
5, 29, 113
List the prime factors of 57/209 - (-7440795)/165.
2, 3, 1879
Let n(j) = 909*j**2 + 71*j - 396. What are the prime factors of n(5)?
2, 53, 107
Let n(l) = 182 - 42*l - 362 + 187. What are the prime factors of n(-4)?
5, 7
Let x = -70 + 76. Suppose 0*m - m = -3*d - 11, -3*m - 4*d - x = 0. Suppose m*t + 13 = 85. What are the prime factors of t?
2, 3
Suppose -239*t = 789470 - 5120553 - 2195051. What are the prime factors of t?
2, 3, 37, 41
List the prime factors of (-40)/(-14 - -4) + 2 + 9577.
7, 37
Suppose -173*r - 5754 = -179*r. Let y = 1607 - r. What are the prime factors of y?
2, 3
Let u(y) = -2589*y**3 + 14*y**2 + 36*y - 21. List the prime factors of u(-3).
2, 3, 5, 233
Let j = -662 - -3478. Let k = 20104 - 20083. Suppose 5*u = k*u - j. List the prime factors of u.
2, 11
Let o(j) = -j**3 + 7*j**2 + 8*j + 3. Let s be o(8). Let t = s - 3. Suppose t*x = 7*x - 497. What are the prime factors of x?
71
Suppose -34*v - 63 = -27*v. Let q(j) = 2*j**2 - 78*j + 4. What are the prime factors of q(v)?
2, 7, 31
Let z(g) = -g**3 - 36*g**2 - 29*g - 42. What are the prime factors of z(-36)?
2, 3, 167
Let x = -70056 - -116784. What are the prime factors of x?
2, 3, 11, 59
Let x be ((-32)/24 + 4/(-6))*-244. Let j = x + -258. Suppose 178 + j = 3*b. What are the prime factors of b?
2, 17
Suppose -4*f + d - 52 = -d, 4*d = -5*f - 78. List the prime factors of (-3988)/f + 9/63.
3, 5, 19
Let y = -60 - -69. Let g be ((-174)/y)/((-10)/15). Suppose -r + 130 = g. What are the prime factors of r?
101
Suppose -f + 6*f = 30. Let q = 290 + f. What are the prime factors of q?
2, 37
Suppose 0 = k + 11*k - 20100. Suppose -x + 344 = 2*m, 5*m - k = -5*x + 10*m. What are the prime factors of x?
2, 13
Let i(k) = -k - 12. Suppose 4*p + 39 = -9. Let w be i(p). Suppose -s - j + 111 = w, -569 = -4*s - s + 2*j. List the prime factors of s.
113
Let t be 815/25 - 4/(-10). Let a be 22/t*15/(-2). Let u = a + 14. List the prime factors of u.
3
Let p(w) be the first derivative of w**5/15 + 3*w**4/8 + 2*w**3 - 3*w**2 + 17. Let r(k) be the second derivative of p(k). What are the prime factors of r(-5)?
67
Let a(k) = k**3 + 49*k**2 + 160*k + 169. List the prime factors of a(-41).
7057
Let r be (-1)/2 - 39/(-26). Let s be (-3)/r - (-1 - 4). Suppose -z + 0*z + 63 = 2*p, 0 = s*p + 2*z - 60. What are the prime factors of p?
3, 11
Suppose 5*l - 4*n = 42, 5*l = 3*n + 24 + 15. Suppose l*s - 2*s - 3960 = 0. What are the prime factors of s?
2, 3, 5, 11
Let r = 943 - -17004. What are the prime factors of r?
131, 137
Let t(w) = 17*w**2 - 32*w + 1143. List the prime factors of t(22).
3, 107
Suppose -15*m - 20 = -19*m. Suppose -3*k = -m*w + 5019, -2*w - 5*k + 1989 = -0*w. What are the prime factors of w?
2, 3, 167
Let l be 4/1 + (5/(-5) - 1). Suppose -4*b + 5*f - 4 = 0, -l*f = -4*b + f - 4. List the prime factors of b + -3 + (-7)/(-1).
3
Let w be (-99954)/36 - (-9)/6. Let l = w - -3895. What ar